{"id":289,"date":"2011-07-02T21:35:19","date_gmt":"2011-07-02T19:35:19","guid":{"rendered":"http:\/\/www.staskovci.sk\/?page_id=289"},"modified":"2025-04-21T19:39:29","modified_gmt":"2025-04-21T17:39:29","slug":"stretnutie","status":"publish","type":"page","link":"https:\/\/www.staskovci.sk\/?page_id=289","title":{"rendered":"Stretnutie"},"content":{"rendered":"<p>Sprievodn\u00fd program stretnutia sa za\u010dal d\u0148a 25.6.2011 o 10:00 hod na cintor\u00edne v \u013duboticiach, kde sa zi\u0161lo viac ako dvadsa\u0165 \u00fa\u010dastn\u00edkov stretnutia. Samotn\u00fa prehliadku hrobov spojen\u00fdch s hist\u00f3riou rodiny, sprev\u00e1dzan\u00fa polo\u017een\u00edm kyt\u00edc kvetov na hrob J\u00e1na Sta\u0161ka a Veroniky rodenej Ondrej\u010d\u00edkovej a na hrob Andreja Sta\u0161ka a Al\u017ebety rodenej In\u00e1\u0161ovej, viedla za Organiz\u00e1torov stretnutia Jana Kraj\u010diov\u00e1.<\/p>\n<p>Hlavn\u00fd program stretnutia sa za\u010dal o 11:00 hod v Kostole narodenia Panny M\u00e1rie v \u013duboticiach sv\u00e4tou om\u0161ou venovanou stretnutiu. K d\u00f4stojn\u00e9mu, sl\u00e1vnostn\u00e9mu a vskutku vydaren\u00e9mu priebehu sv\u00e4tej om\u0161e prispeli t\u00edto \u010dlenovia rodiny:<br \/>\n&#8211; vdp.Mari\u00e1n Radim\u00e1k, \u0160tefan, G3, k\u0148az (text k\u00e1zne n\u00e1jdete <a href=\"https:\/\/www.staskovci.sk\/wp-content\/uploads\/2025\/04\/Kazen.pdf\">tu<\/a>)<br \/>\n&#8211; J\u00e1n Sta\u0161ko, Jozef, G2, \u010d\u00edtanie Bo\u017eieho slova, lektor<br \/>\n&#8211; J\u00falia Potock\u00e1, Margita, G3, \u010d\u00edtanie prosieb, lektor<br \/>\n&#8211; \u0160tefan Kraj\u010di, Vilma, G3, organista<br \/>\n&#8211; Jana Kraj\u010diov\u00e1, Vilma, G3, huslistka<br \/>\n&#8211; Ant\u00f3nia Malatincov\u00e1, Vilma, G3, b\u00e1se\u0148 (text b\u00e1sne n\u00e1jdete <a href=\"https:\/\/www.staskovci.sk\/wp-content\/uploads\/2025\/04\/Basen.pdf\">tu<\/a>)<br \/>\n&#8211; Eduard Malatinec, Vilma, G3, mimoriadny rozd\u00e1vate\u013e sv. prij\u00edmania<br \/>\n&#8211; Andrej \u0160ot\u00edk, Margita, G4, mini\u0161trant<br \/>\n&#8211; Jozef \u0160ot\u00edk, Margita, G4, mini\u0161trant<\/p>\n<p>Hlavn\u00fd program stretnutia n\u00e1sledne pokra\u010doval samotn\u00fdm stretnut\u00edm 156 \u00fa\u010dastn\u00edkov stretnutia (152 \u00fa\u010dastn\u00edkov + 4 pozvan\u00ed hostia) v priestoroch Strednej odbornej \u0161koly na Bardejovskej 24 v \u013duboticiach. Po \u010dakan\u00ed na najstar\u0161ieho mu\u017esk\u00e9ho nosite\u013ea priezviska Sta\u0161ko &#8211; Milana Sta\u0161ka, ktor\u00e9mu sa nakoniec na stretnutie nepodarilo dorazi\u0165, nasledoval \u00favodn\u00fd pr\u00edhovorom Roba Sta\u0161ka (Organiz\u00e1tor), sprev\u00e1dzan\u00fd vstupom Jany Kraj\u010diovej (Organiz\u00e1tor) a Gizely Matiskovej (z\u00e1stupca najstar\u0161ej \u017eij\u00facej gener\u00e1cie G1). Nasledovalo predstavenie \u00fa\u010dastn\u00edkov stretnutia po jednotliv\u00fdch vetv\u00e1ch (z\u00e1kladn\u00e9 \u0161tatistick\u00e9 \u00fadaje n\u00e1jdete <a href=\"https:\/\/www.staskovci.sk\/wp-content\/uploads\/2025\/04\/Statistika.pdf\">tu<\/a>) vybran\u00fdm z\u00e1stupcom ka\u017edej vetvy, po ktorom bola sl\u00e1vnostn\u00fdm pr\u00edpitkom od\u0161tartovan\u00e1 neform\u00e1lna \u010das\u0165 stretnutia. Jedinou neskor\u0161ou organizovanou aktivitou bolo spolo\u010dn\u00e9 fotenie sa, ktor\u00e9 zdarne prebehlo v priestoroch \u0161kolskej telocvi\u010dne. Stretnutie bolo ukon\u010den\u00e9 o 22:20, kedy bolo potrebn\u00e9 z prev\u00e1dzkov\u00fdch d\u00f4vodov opusti\u0165 priestory stretnutia.<\/p>\n<p>Stretnutie mapovali aj z\u00e1stupcovia printov\u00fdch m\u00e9di\u00ed &#8211; denn\u00edkov Pre\u0161ovsk\u00fd Korz\u00e1r a Nov\u00fd \u010cas.<\/p>\n","protected":false},"excerpt":{"rendered":"<p>Sprievodn\u00fd program stretnutia sa za\u010dal d\u0148a 25.6.2011 o 10:00 hod na cintor\u00edne v \u013duboticiach, kde sa zi\u0161lo viac ako dvadsa\u0165 \u00fa\u010dastn\u00edkov stretnutia. Samotn\u00fa prehliadku hrobov spojen\u00fdch s hist\u00f3riou rodiny, sprev\u00e1dzan\u00fa polo\u017een\u00edm kyt\u00edc kvetov na hrob J\u00e1na Sta\u0161ka a Veroniky rodenej &hellip; <a href=\"https:\/\/www.staskovci.sk\/?page_id=289\">Pokra\u010dova\u0165 v \u010d\u00edtan\u00ed <span class=\"meta-nav\">&rarr;<\/span><\/a><\/p>\n","protected":false},"author":1,"featured_media":0,"parent":0,"menu_order":0,"comment_status":"closed","ping_status":"closed","template":"","meta":{"footnotes":""},"class_list":["post-289","page","type-page","status-publish","hentry"],"_links":{"self":[{"href":"https:\/\/www.staskovci.sk\/index.php?rest_route=\/wp\/v2\/pages\/289","targetHints":{"allow":["GET"]}}],"collection":[{"href":"https:\/\/www.staskovci.sk\/index.php?rest_route=\/wp\/v2\/pages"}],"about":[{"href":"https:\/\/www.staskovci.sk\/index.php?rest_route=\/wp\/v2\/types\/page"}],"author":[{"embeddable":true,"href":"https:\/\/www.staskovci.sk\/index.php?rest_route=\/wp\/v2\/users\/1"}],"replies":[{"embeddable":true,"href":"https:\/\/www.staskovci.sk\/index.php?rest_route=%2Fwp%2Fv2%2Fcomments&post=289"}],"version-history":[{"count":7,"href":"https:\/\/www.staskovci.sk\/index.php?rest_route=\/wp\/v2\/pages\/289\/revisions"}],"predecessor-version":[{"id":361,"href":"https:\/\/www.staskovci.sk\/index.php?rest_route=\/wp\/v2\/pages\/289\/revisions\/361"}],"wp:attachment":[{"href":"https:\/\/www.staskovci.sk\/index.php?rest_route=%2Fwp%2Fv2%2Fmedia&parent=289"}],"curies":[{"name":"wp","href":"https:\/\/api.w.org\/{rel}","templated":true}]}}